 the tens digit of w?
1
Let m(g) = -162*g - 760. What is the units digit of m(-7)?
4
Let t = 142 + -125. Suppose -3*o = -t*o + 3962. What is the hundreds digit of o?
2
Let w be 7 + (0/(-4) - 1). Suppose w*l - 330 = l. What is the tens digit of l?
6
Let i(u) = u**3 + 3*u**2 - 2*u + 16. What is the units digit of i(3)?
4
Let d(z) = -27*z - 371. What is the tens digit of d(-38)?
5
Let c be 3*2/(-3) + 5. Suppose c*u = 4*u - d - 124, d + 624 = 5*u. Suppose -9*q + u = -4*q. What is the tens digit of q?
2
Let q(l) be the second derivative of -l**4/12 - 19*l**3/6 - 25*l**2/2 + 12*l. What is the tens digit of q(-16)?
2
What is the units digit of (4/6)/((-36)/(-2322))?
3
Let n(p) = -p**3 - 2. Let w be n(3). Let t = w + 30. What is the units digit of t?
1
Let j(i) = -3*i - 2. Let l be j(-2). Suppose -l*t + 13 - 5 = 0. What is the tens digit of 12*(t + (-3)/4)?
1
Let r = 3 - 1. Let n(m) = -5*m - r - 2*m + 0*m + 6*m. What is the units digit of n(-10)?
8
Let u(d) be the first derivative of -d**4/4 - 2*d**3 + 7*d**2/2 + 7*d - 1. Suppose p - 24 = 5*h + 13, 0 = 5*p - 10. What is the units digit of u(h)?
7
Suppose 2*j - 204 + 12 = 0. Suppose 2*w = 4*w - j. Suppose 0 = 2*c - w - 6. What is the tens digit of c?
2
Let u = -21 + 31. Let v(i) = 2*i**2 - 14*i - 10. What is the units digit of v(u)?
0
Let r be (44/(-6))/((-2)/42). Let s = r + -54. Let b = -71 + s. What is the tens digit of b?
2
Let v = 2744 + -412. What is the thousands digit of v?
2
What is the hundreds digit of (-1306)/(-6) + (-56)/84?
2
Let f(d) = -3*d**3 - 4*d**2 + d + 1. Let o be f(1). What is the tens digit of (4 + o - 2) + 74*2?
4
Let l(v) = 2*v. Suppose -2*k - 2 = -6. Suppose 1 = -k*x + 3. What is the units digit of l(x)?
2
Let o = -294 - -282. Suppose -u - 79 = -3*v, 5*v = -2*u + 67 + 72. Let g = v + o. What is the units digit of g?
5
Let p(q) = 4*q**3 - 34*q**2 + 14*q + 13. What is the thousands digit of p(14)?
4
Let i(s) = s + 8. Let m be i(-5). Suppose -m*o + 4*o = -z + 36, 0 = -2*z - 4*o + 76. What is the tens digit of z?
3
Let v(f) = f**2 + 9*f + 12. Let k be v(-6). Let o(p) = -25*p - 21. What is the hundreds digit of o(k)?
1
Let p(o) = 20*o + 32. What is the units digit of p(7)?
2
Suppose -4*j + 0*j - 3428 = -4*i, 1724 = 2*i - 4*j. What is the tens digit of i?
5
Suppose 0 = -4*b + 12. Let o(d) = 6*d**3 - 5*d**2 + 9*d. What is the tens digit of o(b)?
4
Suppose 10*s - 6536 = 5554. What is the hundreds digit of s?
2
Let b = -326 - -1083. What is the hundreds digit of b?
7
Suppose -2*x - 100 - 44 = 0. Suppose 2*g = 3*g + 51. Let r = g - x. What is the units digit of r?
1
Suppose -a + 4 = 0, -3*z + 4*a + 3944 = 2*z. Suppose 15*m = 23*m - z. What is the tens digit of m?
9
Let t be -34*7/(21/(-6)). Let c = t - -5. What is the units digit of c?
3
Let b = 8 + -6. Suppose 2*r = -4*j + b, -5*r + j = -j - 5. Let p(i) = 23*i**2 - i. What is the units digit of p(r)?
2
Let o(i) = -i**3 + i**2 + 3*i + 1331. What is the hundreds digit of o(0)?
3
Suppose 3*y + y + 980 = 0. Let v be (26/(-10) - -3)*y. Let i = -67 - v. What is the tens digit of i?
3
Let f(v) = 5355*v + 74. What is the tens digit of f(1)?
2
Let x be 15*1 - (5 + -4). Let s = -9 + x. Suppose k - 20 = 4*w, -s*k - 2*w = -k - 26. What is the units digit of k?
8
What is the units digit of 176452/434 - 6/(-14)?
7
Let h = 518 - 315. Suppose -h = -4*c - 5*s, -2*c + 57 + 50 = -3*s. What is the tens digit of c?
5
Suppose -1607 = -14*u + 759. What is the units digit of u?
9
Suppose -u = 0, -5*p + p = -5*u - 136. Suppose 2*n = 3*n - p. What is the tens digit of n?
3
Let d = -283 - -414. Suppose d = h - 4*v, -3*h + 2*h + 5*v + 136 = 0. What is the hundreds digit of h?
1
Suppose 3*j - 3969 = -11*g + 8*g, -2*g = -j + 1311. What is the thousands digit of j?
1
Let a = -468 + 843. What is the tens digit of a?
7
Suppose -v + 53 = 13. Let j = v - 37. What is the units digit of j?
3
Let n(q) = -q**2 - 7*q + 7. Let s be n(-4). Let i = 212 - s. What is the tens digit of i?
9
Suppose 9*m + 3*a = 4*m + 873, 4*a = 3*m - 518. What is the tens digit of m?
7
Suppose z - 13 + 11 = 0. Suppose z*h + 147 = x, 3*x - h - 427 = -2*h. What is the tens digit of x?
4
Let j = -38 - -42. Suppose 3*d - 159 - 47 = -j*h, 2*h - 5*d = 90. Suppose 5*l - 2*x - h = -0*l, -9 = 2*l + 5*x. What is the units digit of l?
8
Let a be (2478/(-8))/(-21) - 2/(-8). Let f be 6/9 + 19/3. Let v = a - f. What is the units digit of v?
8
Let j = 60 + 18. What is the units digit of j?
8
Let h = 11 + -9. Suppose h*b = 5*b - 18. Suppose -140 = o - b*o. What is the units digit of o?
8
Suppose x - 755 = 2*o - 31, x + o = 709. What is the units digit of x?
4
Suppose 2 - 6 = -4*v, 0 = j - 3*v - 6. Let i(y) = y**3 + 3*y**2 - 2*y + 2. Let s be i(-4). What is the tens digit of (s/j)/((-3)/180)?
4
Suppose f + o = -8 - 1, f - 2*o = -24. Suppose 2*z = 5*a - 2*z - 140, -3*z = -2*a + 63. Let b = f + a. What is the tens digit of b?
1
Suppose -9690*f - 16976 = -9694*f. What is the units digit of f?
4
Let l(v) = -3*v + 63. Let y be l(-7). Suppose 9 - y = -5*r + 5*s, 0 = -3*r + 2*s + 48. What is the units digit of r?
8
Let x be -4 + 1684/((-4)/(-1)). Let m = x + -276. What is the hundreds digit of m?
1
Let y(s) = -s**3 - 5*s**2 + 6*s - 3. Let g(c) = c - 2. Let n be g(-4). Let o be y(n). What is the tens digit of 12*9/6 + o?
1
Suppose 3*n - 13 = 4*h, 5*n = h - 1 - 0. Let t(i) = 28*i**2 - i. What is the tens digit of t(n)?
2
Let o(f) be the second derivative of 1/3*f**3 + 1/4*f**4 + 4*f + 0 + 0*f**2. What is the units digit of o(-3)?
1
Let m = -25 + 44. Let l be (-8 + 3)*(0 - 1). Suppose -m = l*u - 64. What is the units digit of u?
9
Let p = -20 - -19. Suppose -3*t - 4*a = 6, -3*t + a + 0*a = 6. What is the units digit of (-30)/p + 5 + t?
3
Let n = 509 - 301. Suppose 3*a + n = 7*a. What is the units digit of a?
2
Let z be 0/2 - (5 - 1). What is the tens digit of 64 - (z + (-2)/(-1))?
6
Let i(l) = -l**3 + 12*l**2 + 7*l + 6. Let y be i(6). Suppose 4*w - 256 = y. What is the hundreds digit of w?
1
Suppose 2*g + 5*l - 27 = 0, 5*l = 2*g - 4 + 7. Suppose -2 = b - g. Suppose 4*v = 5*i + 7*v - 204, -2*i + b*v + 66 = 0. What is the tens digit of i?
3
Let z be (-9)/(-2)*(-10)/(-15). Let o(n) be the second derivative of 5*n**4/12 - n**3/2 - 3*n**2/2 + 5*n. What is the tens digit of o(z)?
3
Suppose -636 - 3270 = -6*i. Let d = -460 + i. What is the hundreds digit of d?
1
Let q(y) = -y - 1. Let s be 40/(-6) - 4/(-6). Let u be q(s). Let x(f) = f - 1. What is the units digit of x(u)?
4
Suppose 5057 = 2*k - 2*c + 765, 2*k + 3*c = 4287. What is the units digit of k?
5
Let h = 37 + -190. Let g = h + 222. What is the tens digit of g?
6
Let h = -9 - -9. Suppose -8*f + 10*f - 156 = h. What is the units digit of f?
8
Suppose 4*g - 2*t = 4512, 0 = -115*g + 118*g - 5*t - 3398. What is the units digit of g?
6
Suppose 4*l - 9001 = h, 18*l - 19*l + 2*h + 2259 = 0. What is the units digit of l?
9
Suppose -6057 = -6*k + 2613. What is the tens digit of k?
4
Let y(a) = a**3 - 5*a**2 - 16*a + 8. Let h(w) = w**3 - w + 1. Let q(k) = -3*h(k) + y(k). What is the units digit of q(-5)?
5
Suppose -236 = -4*h + 3*h - 4*g, -4*h + 1016 = -2*g. What is the hundreds digit of h?
2
Suppose -2*k = -4*y + 2*y - 260, -4*y + 266 = 2*k. What is the units digit of k?
1
Let c(s) = -s**3 + 19*s**2 - s + 13. Let r be c(19). Let k(z) = -2*z**2 - 12*z + 2. Let b be k(r). Let m(d) = 22*d + 2. What is the tens digit of m(b)?
4
Let n(d) = -38*d**2 + 10*d - 12. Let j(m) = 19*m**2 - 5*m + 6. Let q(b) = 5*j(b) + 2*n(b). What is the tens digit of q(2)?
7
Let n = 1823 + -754. What is the hundreds digit of n?
0
Let p = 3107 + -919. What is the thousands digit of p?
2
Let r(q) = 12*q**2 + 6*q + 29. What is the units digit of r(9)?
5
Let g(h) = -199*h - 119. What is the tens digit of g(-2)?
7
Let h = -295 + 383. What is the units digit of h?
8
Let q be -4*((0 - 8/(-4)) + -3). Suppose -q*j + 84 = -3*j. What is the units digit of j?
4
Suppose -2*o + 1323 = -4*m + 249, 3*o + 2*m - 1571 = 0. What is the tens digit of o?
2
Let s(m) = -498*m - 512. What is the hundreds digit of s(-7)?
9
Let c(k) = 4*k**2 + 20*k - 71. What is the units digit of c(11)?
3
Let y = 310 - 212. What is the tens digit of y?
9
Let j(v) = -54*v**3 + v**2 + 25*v + 26. Let w(t) = -11*t**3 + 5*t + 5. Let z(y) = -2*j(y) + 11*w